{"id":2,"date":"2024-06-22T17:31:13","date_gmt":"2024-06-22T15:31:13","guid":{"rendered":"http:\/\/la-boulange.com\/?page_id=2"},"modified":"2025-03-31T19:15:21","modified_gmt":"2025-03-31T17:15:21","slug":"page-d-exemple","status":"publish","type":"page","link":"https:\/\/la-boulange.com\/index.php\/page-d-exemple\/","title":{"rendered":"Votre Boulangerie"},"content":{"rendered":"\t\t<div data-elementor-type=\"wp-page\" data-elementor-id=\"2\" class=\"elementor elementor-2\">\n\t\t\t\t<div class=\"elementor-element elementor-element-2fefe346 e-flex e-con-boxed e-con e-parent\" data-id=\"2fefe346\" data-element_type=\"container\" data-e-type=\"container\">\n\t\t\t\t\t<div class=\"e-con-inner\">\n\t\t\t\t<div class=\"elementor-element elementor-element-3da57023 elementor-invisible elementor-widget elementor-widget-text-editor\" data-id=\"3da57023\" data-element_type=\"widget\" data-e-type=\"widget\" data-settings=\"{&quot;_animation&quot;:&quot;fadeInUp&quot;}\" data-widget_type=\"text-editor.default\">\n\t\t\t\t<div class=\"elementor-widget-container\">\n\t\t\t\t\t\t\t\t\t<div class=\"wp-block-media-text is-stacked-on-mobile\">\n<figure class=\"wp-block-media-text__media\"><img fetchpriority=\"high\" decoding=\"async\" width=\"1024\" height=\"626\" class=\"wp-image-154 size-full\" src=\"https:\/\/la-boulange.com\/wp-content\/uploads\/2024\/06\/Pains-1024x626.jpg\" alt=\"\" srcset=\"https:\/\/la-boulange.com\/wp-content\/uploads\/2024\/06\/Pains-1024x626.jpg 1024w, https:\/\/la-boulange.com\/wp-content\/uploads\/2024\/06\/Pains-scaled-416x254.jpg 416w, https:\/\/la-boulange.com\/wp-content\/uploads\/2024\/06\/Pains-300x183.jpg 300w, https:\/\/la-boulange.com\/wp-content\/uploads\/2024\/06\/Pains-768x470.jpg 768w, https:\/\/la-boulange.com\/wp-content\/uploads\/2024\/06\/Pains-1536x939.jpg 1536w, https:\/\/la-boulange.com\/wp-content\/uploads\/2024\/06\/Pains-2048x1252.jpg 2048w\" sizes=\"(max-width: 1024px) 100vw, 1024px\" \/><\/figure>\n<div class=\"wp-block-media-text__content\">\n<p><\/p>\n<h2 class=\"wp-block-heading\">Nos Pains<\/h2>\n<p><\/p>\n<p><\/p>\n<p>Votre artisan boulanger vous propose une gamme compl\u00e8te de pains.<\/p>\n<p><\/p>\n<p><\/p>\n<p>Pain de 2 Livres, Baguette, Batard, Petit Moul\u00e9, Moul\u00e9, Petite Boule, Grande Boule, Tradition, Tradigraine, Tradinoire, Pains Sp\u00e9ciaux, Muesli, Avoine, Seigle, Chia\u2026<\/p>\n<p><\/p>\n<\/div>\n<\/div>\n<p><!-- \/wp:media-text --><\/p>\n<p><!-- wp:media-text {\"mediaPosition\":\"right\",\"mediaId\":162,\"mediaLink\":\"https:\/\/la-boulange.com\/index.php\/page-d-exemple\/baker-holding-a-metal-tray-full-of-fresh-croissants-illuminated-with-a-lovely-light-from-the-window-ai-generative\/\",\"mediaType\":\"image\"} --><\/p>\n<div class=\"wp-block-media-text has-media-on-the-right is-stacked-on-mobile\">\n<div class=\"wp-block-media-text__content\">\n<p><!-- wp:heading --><\/p>\n<h2 class=\"wp-block-heading\">Nos Viennoiseries<\/h2>\n<p><!-- \/wp:heading --><\/p>\n<p><!-- wp:paragraph --><\/p>\n<p>D\u00e9couvrez notre large s\u00e9lection de viennoiseries toutes \u00e9labor\u00e9es par votre Ma\u00eetre Artisan.<\/p>\n<p><!-- \/wp:paragraph --><\/p>\n<p><!-- wp:paragraph --><\/p>\n<p>Croissants, Pains au chocolat, pains aux raisins, brioches, pains au lait&#8230;<\/p>\n<p><!-- \/wp:paragraph --><\/p>\n<\/div>\n<figure class=\"wp-block-media-text__media\"><img decoding=\"async\" width=\"1024\" height=\"683\" class=\"wp-image-162 size-full\" src=\"http:\/\/la-boulange.com\/wp-content\/uploads\/2024\/06\/Viennoiseries-1024x683.jpg\" alt=\"\" srcset=\"https:\/\/la-boulange.com\/wp-content\/uploads\/2024\/06\/Viennoiseries-1024x683.jpg 1024w, https:\/\/la-boulange.com\/wp-content\/uploads\/2024\/06\/Viennoiseries-scaled-416x277.jpg 416w, https:\/\/la-boulange.com\/wp-content\/uploads\/2024\/06\/Viennoiseries-300x200.jpg 300w, https:\/\/la-boulange.com\/wp-content\/uploads\/2024\/06\/Viennoiseries-768x512.jpg 768w\" sizes=\"(max-width: 1024px) 100vw, 1024px\" \/><\/figure>\n<\/div>\n<p><!-- \/wp:media-text --><\/p>\n<p><!-- wp:media-text {\"mediaId\":168,\"mediaLink\":\"https:\/\/la-boulange.com\/index.php\/page-d-exemple\/patisseries\/\",\"mediaType\":\"image\"} --><\/p>\n<div class=\"wp-block-media-text is-stacked-on-mobile\">\n<figure class=\"wp-block-media-text__media\"><img decoding=\"async\" width=\"1024\" height=\"576\" class=\"wp-image-168 size-full\" src=\"https:\/\/la-boulange.com\/wp-content\/uploads\/2024\/06\/Patisseries-1024x576.jpg\" alt=\"\" srcset=\"https:\/\/la-boulange.com\/wp-content\/uploads\/2024\/06\/Patisseries-1024x576.jpg 1024w, https:\/\/la-boulange.com\/wp-content\/uploads\/2024\/06\/Patisseries-scaled-416x234.jpg 416w, https:\/\/la-boulange.com\/wp-content\/uploads\/2024\/06\/Patisseries-300x169.jpg 300w, https:\/\/la-boulange.com\/wp-content\/uploads\/2024\/06\/Patisseries-768x432.jpg 768w, https:\/\/la-boulange.com\/wp-content\/uploads\/2024\/06\/Patisseries-1536x864.jpg 1536w, https:\/\/la-boulange.com\/wp-content\/uploads\/2024\/06\/Patisseries-2048x1152.jpg 2048w\" sizes=\"(max-width: 1024px) 100vw, 1024px\" \/><\/figure>\n<div class=\"wp-block-media-text__content\">\n<p><!-- wp:heading --><\/p>\n<h2 class=\"wp-block-heading\">Nos P\u00e2tisseries<\/h2>\n<p><!-- \/wp:heading --><\/p>\n<p><!-- wp:paragraph --><\/p>\n<p>Comme pour l&rsquo;ensemble de nos sp\u00e9cialit\u00e9s, nos g\u00e2teaux sont tous pr\u00e9par\u00e9s par votre Ma\u00eetre Artisan.<\/p>\n<p><!-- \/wp:paragraph --><\/p>\n<p><!-- wp:paragraph --><\/p>\n<p>Que ce soit en parts individuelles ou en grands g\u00e2teaux, notre s\u00e9lection va de la p\u00e2tisserie classique \u00e0 nos cr\u00e9ations signatures.<\/p>\n<p><!-- \/wp:paragraph --><\/p>\n<\/div>\n<\/div>\n<p><!-- \/wp:media-text --><\/p>\n<p><!-- wp:media-text {\"mediaPosition\":\"right\",\"mediaId\":232,\"mediaLink\":\"https:\/\/la-boulange.com\/index.php\/page-d-exemple\/gros-plan-jeune-chef-tenant-sandwichs\/\",\"mediaType\":\"image\"} --><\/p>\n<div class=\"wp-block-media-text has-media-on-the-right is-stacked-on-mobile\">\n<div class=\"wp-block-media-text__content\">\n<p><!-- wp:heading --><\/p>\n<h2 class=\"wp-block-heading\">Snacking<\/h2>\n<p><!-- \/wp:heading --><\/p>\n<p><!-- wp:paragraph --><\/p>\n<p>Notre gamme de sandwichs, pannini, pizza, croque-monsieur&#8230; pour vos instants sal\u00e9s.<\/p>\n<p>Optez pour une formule : Sandwich, P\u00e2tisserie et Boisson.<\/p>\n<p><!-- \/wp:paragraph --><\/p>\n<p><!-- wp:paragraph --><\/p>\n<p><!-- \/wp:paragraph --><\/p>\n<\/div>\n<figure class=\"wp-block-media-text__media\"><img loading=\"lazy\" decoding=\"async\" width=\"1024\" height=\"639\" class=\"wp-image-232 size-full\" src=\"http:\/\/la-boulange.com\/wp-content\/uploads\/2024\/06\/gros-plan-jeune-chef-tenant-sandwichs-scaled-e1719765219377-1024x639.jpg\" alt=\"\" srcset=\"https:\/\/la-boulange.com\/wp-content\/uploads\/2024\/06\/gros-plan-jeune-chef-tenant-sandwichs-scaled-e1719765219377-1024x639.jpg 1024w, https:\/\/la-boulange.com\/wp-content\/uploads\/2024\/06\/gros-plan-jeune-chef-tenant-sandwichs-scaled-e1719765219377-416x260.jpg 416w, https:\/\/la-boulange.com\/wp-content\/uploads\/2024\/06\/gros-plan-jeune-chef-tenant-sandwichs-scaled-e1719765219377-300x187.jpg 300w, https:\/\/la-boulange.com\/wp-content\/uploads\/2024\/06\/gros-plan-jeune-chef-tenant-sandwichs-scaled-e1719765219377-768x479.jpg 768w, https:\/\/la-boulange.com\/wp-content\/uploads\/2024\/06\/gros-plan-jeune-chef-tenant-sandwichs-scaled-e1719765219377-1536x958.jpg 1536w, https:\/\/la-boulange.com\/wp-content\/uploads\/2024\/06\/gros-plan-jeune-chef-tenant-sandwichs-scaled-e1719765219377.jpg 1702w\" sizes=\"(max-width: 1024px) 100vw, 1024px\" \/><\/figure>\n<\/div>\n<p><!-- \/wp:media-text --><\/p>\t\t\t\t\t\t\t\t<\/div>\n\t\t\t\t<\/div>\n\t\t\t\t\t<\/div>\n\t\t\t\t<\/div>\n\t\t\t\t<\/div>\n\t\t","protected":false},"excerpt":{"rendered":"<p>Nos Pains Votre artisan boulanger vous propose une gamme compl\u00e8te de pains. Pain de 2 Livres, Baguette, Batard, Petit Moul\u00e9, Moul\u00e9, Petite Boule, Grande Boule, Tradition, Tradigraine, Tradinoire, Pains Sp\u00e9ciaux, Muesli, Avoine, Seigle, Chia\u2026 Nos Viennoiseries D\u00e9couvrez notre large s\u00e9lection de viennoiseries toutes \u00e9labor\u00e9es par votre Ma\u00eetre Artisan. Croissants, Pains au chocolat, pains aux raisins, [&hellip;]<\/p>\n","protected":false},"author":1,"featured_media":0,"parent":0,"menu_order":0,"comment_status":"closed","ping_status":"open","template":"","meta":{"footnotes":""},"class_list":["post-2","page","type-page","status-publish","hentry"],"jetpack_sharing_enabled":true,"_links":{"self":[{"href":"https:\/\/la-boulange.com\/index.php\/wp-json\/wp\/v2\/pages\/2","targetHints":{"allow":["GET"]}}],"collection":[{"href":"https:\/\/la-boulange.com\/index.php\/wp-json\/wp\/v2\/pages"}],"about":[{"href":"https:\/\/la-boulange.com\/index.php\/wp-json\/wp\/v2\/types\/page"}],"author":[{"embeddable":true,"href":"https:\/\/la-boulange.com\/index.php\/wp-json\/wp\/v2\/users\/1"}],"replies":[{"embeddable":true,"href":"https:\/\/la-boulange.com\/index.php\/wp-json\/wp\/v2\/comments?post=2"}],"version-history":[{"count":17,"href":"https:\/\/la-boulange.com\/index.php\/wp-json\/wp\/v2\/pages\/2\/revisions"}],"predecessor-version":[{"id":1024,"href":"https:\/\/la-boulange.com\/index.php\/wp-json\/wp\/v2\/pages\/2\/revisions\/1024"}],"wp:attachment":[{"href":"https:\/\/la-boulange.com\/index.php\/wp-json\/wp\/v2\/media?parent=2"}],"curies":[{"name":"wp","href":"https:\/\/api.w.org\/{rel}","templated":true}]}}